ase 8, what is -2633 - 234?
-3067
In base 3, what is -1 - 100000001?
-100000002
In base 16, what is 7e3d + -3c?
7e01
In base 11, what is -10957a3 + 0?
-10957a3
In base 13, what is -7250 + 12?
-723b
In base 4, what is 3300 - -2203203?
2213103
In base 9, what is 31418 - -2?
31421
In base 5, what is -11021 + 22?
-10444
In base 11, what is -2 - 108?
-10a
In base 3, what is 122020101110 + -11?
122020101022
In base 9, what is 10401 + -282?
10108
In base 12, what is 85 + 6b22?
6ba7
In base 8, what is -12 - 165602?
-165614
In base 11, what is -69a3 + 26?
-6978
In base 4, what is 23 - -21203?
21232
In base 15, what is 34b011 + 3?
34b014
In base 4, what is -3013 - -112210?
103131
In base 7, what is -234361 - -44?
-234314
In base 15, what is -2b - -1cea?
1cbe
In base 10, what is -128084 + -4?
-128088
In base 15, what is -173b6 + 3?
-173b3
In base 13, what is -6 + 23460?
23457
In base 7, what is 646 + 12?
661
In base 2, what is -101110111000101101 + 101?
-101110111000101000
In base 5, what is -430 + -2320?
-3300
In base 15, what is 4 - 700a?
-7006
In base 3, what is 111120210 - -111?
111121021
In base 2, what is -11001001101000110 - 11000?
-11001001101011110
In base 10, what is 72 + 1264?
1336
In base 2, what is 10 - 100011110010011100?
-100011110010011010
In base 11, what is 350 + 632?
982
In base 5, what is 10230244 - -3?
10230302
In base 11, what is 259 + 75?
323
In base 7, what is -101 + -1150?
-1251
In base 5, what is 20 - -122411?
122431
In base 10, what is 1248 + 66?
1314
In base 8, what is -2605115 + -5?
-2605122
In base 12, what is -10 - 10680?
-10690
In base 6, what is -1020 - 220553?
-222013
In base 4, what is 103200231213 + -3?
103200231210
In base 8, what is 3722 + -5?
3715
In base 15, what is -1 - 7ae3?
-7ae4
In base 2, what is -10100 + -10000000001?
-10000010101
In base 10, what is -1571 - -240?
-1331
In base 13, what is -16 + -54abb?
-54b04
In base 14, what is 6578 - 4?
6574
In base 12, what is -17 + 6b4?
699
In base 7, what is 6422 - 15?
6404
In base 5, what is -2122020 + -21?
-2122041
In base 14, what is -da57 - -1?
-da56
In base 13, what is 4a9594 + -3?
4a9591
In base 8, what is 13 + -11053?
-11040
In base 8, what is -5460 - -2050?
-3410
In base 9, what is 356 - -5?
362
In base 8, what is 2 + -32050?
-32046
In base 5, what is 213 + 34112?
34330
In base 9, what is -20 + -355865?
-355885
In base 15, what is -4737 - 73?
-47aa
In base 14, what is 5 - 3d22?
-3d1b
In base 7, what is 12 + -1553544?
-1553532
In base 4, what is 21022231 + 2?
21022233
In base 6, what is -3 - -442520?
442513
In base 6, what is 53 - 5552?
-5455
In base 13, what is -82 + -89?
-13b
In base 11, what is -76 + 81?
6
In base 11, what is 544 + -3532?
-2a99
In base 11, what is -2308 - -10?
-22a8
In base 9, what is 68 - 1035?
-856
In base 13, what is 1c - -c10?
c2c
In base 5, what is -10 + -1040142?
-1040202
In base 12, what is -12 - 16269?
-1627b
In base 6, what is -151 + 52103?
51512
In base 2, what is -10100 - 10110011111000?
-10110100001100
In base 8, what is 24702 - -5?
24707
In base 15, what is -5200c2 + 4?
-5200bd
In base 2, what is -11101100 + 1000101100?
101000000
In base 5, what is 12403314 - 4?
12403310
In base 5, what is 43424004 - 10?
43423444
In base 9, what is 10040 - 163?
8766
In base 10, what is 340 - 683?
-343
In base 6, what is 30120 + -42?
30034
In base 7, what is -463665 + 50?
-463615
In base 16, what is -208 + -2f?
-237
In base 16, what is 3 - -a996?
a999
In base 2, what is 101 - 10101111100010001?
-10101111100001100
In base 6, what is 1144 + 24401?
25545
In base 6, what is 0 - 115022?
-115022
In base 13, what is 10 - -5181?
5191
In base 14, what is -38316 - -19?
-382db
In base 8, what is 17052 - 2?
17050
In base 15, what is 275a5 + -1?
275a4
In base 3, what is 1022100122 - 1110?
1022022012
In base 12, what is 88 - -130b6?
13182
In base 13, what is 1 + -35c32?
-35c31
In base 6, what is -221 + 2044?
1423
In base 10, what is 132975 - -4?
132979
In base 3, what is 1220021 - -10120210?
12111001
In base 6, what is 0 + -21003?
-21003
In base 4, what is 11 + 2201012?
2201023
In base 8, what is -1164777 - 6?
-1165005
In base 12, what is 46a69 + 1?
46a6a
In base 16, what is 2ff6d + 6?
2ff73
In base 6, what is 4112151 + 1?
4112152
In base 5, what is 1 - 102400?
-102344
In base 8, what is -4 - 3623?
-3627
In base 4, what is 1311 + -2132?
-221
In base 4, what is 133 + -20013001?
-20012202
In base 3, what is 11002210111 + 122?
11002211010
In base 11, what is 3 + -16639?
-16636
In base 9, what is 1 + 16766?
16767
In base 5, what is 2214320 - 31?
2214234
In base 10, what is 650 + 82?
732
In base 13, what is -135 - 78?
-1b0
In base 3, what is -10110122020 + -112?
-10110122202
In base 13, what is 5b9 - 30?
589
In base 12, what is -55 + -691?
-726
In base 3, what is 1110222 + 211111?
2022110
In base 3, what is -1102002201 + 22?
-1102002102
In base 10, what is 95979 + 55?
96034
In base 14, what is 8d3 - -32?
925
In base 16, what is 72 + 99f?
a11
In base 2, what is 1100101001 - 100101?
1100000100
In base 15, what is 26 - -8978?
899e
In base 14, what is 315a81 + 3?
315a84
In base 8, what is -1013242 - 7?
-1013251
In base 7, what is -1 - 1103026?
-1103030
In base 9, what is -316 + 154?
-152
In base 5, what is -4 + -40241421?
-40241430
In base 9, what is -17 + -2652?
-2670
In base 16, what is -11510 + 5?
-1150b
In base 6, what is -1 + -21315?
-21320
In base 16, what is 2 + -8dec?
-8dea
In base 7, what is -135 - -16220?
16052
In base 9, what is 100 + 11004?
11104
In base 7, what is -1 + -43410?
-43411
In base 5, what is -12 - -401423?
401411
In base 14, what is -2424 - -9?
-2419
In base 9, what is -3044635 - -5?
-3044630
In base 8, what is 3 - 22307?
-22304
In base 5, what is -11 + 1444?
1433
In base 10, what is 5 - 1701061?
-1701056
In base 7, what is 303253 - -2?
303255
In base 8, what is -24440 + 3?
-24435
In base 14, what is 482c9c - 3?
482c99
In base 12, what is 24706 + -7?
246bb
In base 5, what is -4 + 4002204?
4002200
In base 11, what is -62 - -1448?
1396
In base 4, what is -2 + 213103002?
213103000
In base 8, what is 3351 - 662?
2467
In base 13, what is -1b686 - 1?
-1b687
In base 6, what is -23543 + 4?
-23535
In base 10, what is 4618246 - 2?
4618244
In base 16, what is -3 - d364?
-d367
In base 7, what is 106 - 6125?
-6016
In base 9, what is -10 + -825?
-835
In base 5, what is 11 - -11421214?
11421230
In base 13, what is -39a7 - 28?
-3a02
In base 12, what is -358 - -583?
227
In base 16, what is 0 + -403e?
-403e
In base 5, what is -132000102 - 10?
-132000112
In base 15, what is e + d80a?
d819
In base 5, what is -212 + -13301?
-14013
In base 14, what is -2 + -35b4?
-35b6
In base 16, what is 289d4b - 2?
289d49
In base 4, what is -1 + 110231331?
110231330
In base 3, what is 2 + 11100212221?
11100220000
In base 12, what is -174a - -86?
-1684
In base 16, what is 1fa - 41?
1b9
In base 14, what is 3 - 5146?
-5143
In base 15, what is -a61ce - 5?
-a61d4
In base 2, what is -11001010 + -11110?
-11101000
In base 12, what is 4 + -173975?
-173971
In base 8, what is 102 - -10265?
10367
In base 6, what is 43154113 + -4?
43154105
In base 16, what is -17957 - -2?
-17955
In base 3, what is 1200122012 - 11?
1200122001
In base 13, what is -2 - 52b6?
-52b8
In base 16, what is d7 - -106?
1dd
In base 7, what is -16320400 - 2?
-16320402
In base 4, what is -2332 - 1203010?
-1212002
In base 14, what is -4d + d64c?
d5dd
In base 8, what is -202 + -163?
-365
In base 5, what is -244 - -1241023?
1240224
In base 7, what is -26 + 265?
236
In base 10, what is 6 - -108177?
108183
In base 7, what is -2 - -256544?
256542
In base 14, what is 2 + ca?
cc
In base 14, what is -815c - 27?
-8185
In base 6, what is 204514 - 334?
204140
In base 2, what is -111100000 + -10101101?
-1010001101
In base 7, what is 6400 + -113?
6254
In base 4, what is -1301300 + -32?
-1301332
In base 13, what is -1455 + -34?
-1489
In base 4, what is -102300 + -2133?
-111033
In base 15, what is -2117d + -3?
-21181
In base 12, what is -2 + -31214?
-31216
In base 2, what is -11110001011 - -1001000?
-11101000011
In base 13, what is -b - -b09?
acb
In base 6, what is 5 + -4542112?
-4542103
In base 4, what is 1121233 + 1112?
1123011
In base 3, what is -12212001 - -11?
-12211220
In base 14, what is c1 - -1c7a?
1d5b
In base 12, what is 8b8 - 